r when 17 is divided by n?
5
Suppose 0 = -2*x + 9 + 63. Let z = x + -25. Calculate the remainder when z is divided by 4.
3
Let j = 11 - 10. Let c = j - -7. Calculate the remainder when 30 is divided by c.
6
Suppose -11 + 4 = 7*k. Let v(m) = -21*m**3 + 1. What is the remainder when 64 is divided by v(k)?
20
Calculate the remainder when 69/30*5 + (-2)/(-4) is divided by 5.
2
Let h(k) = -7*k**2 - 3*k. Let t(s) = 8*s**2 + 4*s + 1. Let c(q) = -3*h(q) - 2*t(q). Let d = 5 + 1. What is the remainder when c(-2) is divided by d?
4
Calculate the remainder when ((-5)/4)/((-4)/80) is divided by 7.
4
Suppose 30 = 2*b - 2*i, 15 = 5*i - 5. Suppose -5 = -2*l + 5. Let q(t) = 9*t + 10. What is the remainder when q(l) is divided by b?
17
Let w be (3/(-4))/(5/(-40)). Suppose p = w*p - 35. What is the remainder when 26 is divided by p?
5
Suppose 4 = 2*x + 4*p, -5 + 3 = -x - 5*p. Let a = 7 + x. What is the remainder when 31 is divided by a?
4
Suppose 5*b - 120 = -4*z, -b = 2*z + 3*z - 150. What is the remainder when 177 is divided by z?
27
Let f be 4/(-1) - (-1)/1. Let t be (-3)/(-9) - 149/f. Let c = t - 28. What is the remainder when c is divided by 12?
10
Let b(g) be the second derivative of g**3/6 - g**2/2 + 3*g. What is the remainder when 20 is divided by b(7)?
2
Let m be ((-12)/(-8))/(1/22). Suppose 4*w = w + 21. Let h = m - w. Calculate the remainder when h is divided by 14.
12
Suppose 21*k = 23*k - 8. Let n(a) = a**2 - a + 5. What is the remainder when 33 is divided by n(k)?
16
Suppose 0 = f - 23 - 5. Calculate the remainder when f is divided by 15.
13
Suppose 2*g - 7 = 23. Let t = g - 11. Calculate the remainder when 11 is divided by t.
3
Suppose 7*l - 4 = 2*m + 3*l, 5*m - 4*l - 14 = 0. Suppose 2 - 20 = -m*t. What is the remainder when t is divided by 1?
0
Let j(h) = h**2 + h + 1. Let g be 18/27 - (-7)/3. Suppose w - g*v - 2 = -4*v, 3*v = -w + 2. Calculate the remainder when w is divided by j(0).
0
Suppose 4*y + 78 = -2*x, 9*x + 171 = 4*x - 4*y. Let g = -23 - x. What is the remainder when 29 is divided by g?
5
Let z = -17 - -77. Suppose -3*c + z = c. Calculate the remainder when 87 is divided by c.
12
Suppose -5*y - 5 = 0, -t = 2*y + 3*y - 1. Let o be t/(-9)*12/(-2). Suppose 132 = 4*i - 5*n, 0*i = i - o*n - 33. What is the remainder when i is divided by 12?
9
Suppose -4*d + 19 = -3*h + 8*h, -2*h + 4 = -2*d. What is the remainder when (3 - 0 - d) + 8 is divided by 4?
2
Suppose 2*b + 12 = 2*l, -4*l - 3*b + 12 = 2. Let k(v) = v - 2 - 1 - 3*v. Calculate the remainder when k(-6) is divided by l.
1
Suppose d = -5*m + 22, 3*d + m = 5*m - 10. Suppose -3*x - 7*r = -4*r - 15, -4*r = -16. Calculate the remainder when x is divided by 1/d*(1 - -1).
0
Suppose 2*d - 9 - 4 = -q, d = -3*q + 64. Suppose -3*o - 15 = -51. Calculate the remainder when q is divided by o.
11
Let x = 3 - 6. What is the remainder when (702/(-15))/x*5 is divided by 27?
24
What is the remainder when 28 is divided by (-4 + 4)/4 - -6?
4
Let v(u) = -9*u - 1. What is the remainder when v(-1) is divided by 3?
2
Let m = -71 + 76. Calculate the remainder when m is divided by 2.
1
Suppose c - 5*o + 3*o - 14 = 0, 2*o = 2*c - 20. Suppose 12 = -4*h, v + v + 2*h = 2. What is the remainder when c is divided by v?
2
Let t(q) = -q**2 + 13*q - 11. What is the remainder when 18 is divided by t(11)?
7
Let z be 1 + -1 + 114 + -2. Suppose 5*o - z = 63. Calculate the remainder when o is divided by 18.
17
Let y = 1 + 1. Suppose -y*v + q - 15 + 7 = 0, 3*v + 5*q - 1 = 0. What is the remainder when 15 is divided by (1 + -5)*6/v?
7
Suppose -2*b - 9 = -5*b. What is the remainder when 27 is divided by b/((-9)/(-24)) + 2?
7
Suppose 0*z - 3*q = z - 4, -4 = -2*q. Let s be (0/(5 + z))/1. Let j(t) = -t + 17. Calculate the remainder when j(s) is divided by 9.
8
Suppose -4*n + 2 = -3*j + 3, j - 2 = n. Let s = j + 15. What is the remainder when s is divided by 6?
4
Suppose -d - 357 = -8*d. Calculate the remainder when d is divided by 18.
15
Let h be ((-6)/(-9))/(1/90). Let r = h + -33. Suppose -3*t - 2*t + 400 = 0. What is the remainder when t is divided by r?
26
Let s be (21/(-14))/(2/4). Let m(z) = -z - 4. Let y be m(s). Calculate the remainder when 28 is divided by y/(-2)*-2 + 11.
8
Let v = 7 + -4. Let r = v - 0. What is the remainder when 6 is divided by (-2)/(-3) - (-10)/r?
2
Calculate the remainder when 20/(-180) + 542/18 is divided by 11.
8
Let o = -67 - -42. Let w = -13 - o. What is the remainder when 34 is divided by w?
10
Let y = 34 + -24. Calculate the remainder when y is divided by 44/10 + (-2)/5.
2
Suppose -5 = -4*n - 21. Let x = n + 20. What is the remainder when x is divided by ((-12)/20 + 0)*-10?
4
Suppose 3*o = -2*o + w + 23, 0 = 5*o + w - 27. Calculate the remainder when o is divided by 2.
1
Let k(n) = n. Let r(b) = 10*b + 1. Let p(q) = 3*k(q) - r(q). Let i be 27/(-21) - (-2)/7. What is the remainder when 16 is divided by p(i)?
4
Suppose -2*a - 2*a = 0. Suppose a = -2*i + 4*r + 34, r - 23 = -3*i + 7. Calculate the remainder when i is divided by 6.
5
Calculate the remainder when 58 is divided by (-5)/((3 - 5)/8).
18
Let c(t) = -9*t**3 - 1. Calculate the remainder when 45 is divided by c(-1).
5
What is the remainder when 9 is divided by (18/108)/(-1 + (-14)/(-12))?
0
Suppose 0*q + 4*q - 144 = 0. Let d = q + -22. What is the remainder when 54 is divided by d?
12
Suppose 39*p - 35 = 34*p. What is the remainder when 32 is divided by p?
4
What is the remainder when (-7425)/(-72) - (-2)/(-16) is divided by 21?
19
Let l be (45/(-3))/(2/(-8)). Suppose -3*b - l = -7*b. Calculate the remainder when 28 is divided by b.
13
Suppose -5*j + q = -q - 46, 0 = -j + 2*q + 14. What is the remainder when 33/(-4)*32/(-12) is divided by j?
6
What is the remainder when 2/4*(8 + 0) is divided by 3?
1
Suppose 5*f = 2 + 3. Let s be (0 + f)/((-1)/(-2)). Calculate the remainder when 39 is divided by 2/s*160/8.
19
What is the remainder when 144 is divided by 50 + -19 - (-2 + (3 - -1))?
28
Suppose 0 = -2*d - h - 3 + 2, 8 = -d - 2*h. Suppose j = -j - d. Calculate the remainder when 37*(1 - 2)*j is divided by 19.
18
Suppose 0 = -3*w + 3*b - 0*b + 60, -82 = -4*w + 5*b. Calculate the remainder when 67 is divided by w.
13
Let c = 30 + -23. Calculate the remainder when 13 is divided by c.
6
Let p be 1 + 43 - (-2 + 3). Let r = -17 + p. Let t = 45 - 31. Calculate the remainder when r is divided by t.
12
What is the remainder when 100 is divided by (-36)/16 + 2/8 + 36?
32
Let c be (-8)/10*-2*5. Suppose -4*g + 5*g + u - c = 0, -62 = -4*g + 2*u. Calculate the remainder when g is divided by (-32)/(-6) + 1*(-2)/6.
3
Let f(y) = y - 3. Let p be f(5). Suppose 6*t = p*t + 28. Calculate the remainder when t is divided by 4.
3
Let l be (54/21)/((-2)/(-28)). Calculate the remainder when 55 is divided by l/2 - (-2 + 1).
17
Suppose 6*l - 9 - 399 = 0. Suppose -2*z = -13 - 15. Calculate the remainder when l is divided by z.
12
Let x = 16 - 2. Suppose -5*s + c + 17 = -3*c, 8 = 4*c. Suppose -13 = s*k - 53. What is the remainder when x is divided by k?
6
Suppose 34 = 3*k - 65. Calculate the remainder when k is divided by 12.
9
Suppose 0 = -5*i + 5, 5*i = c + 3*c - 31. Calculate the remainder when 15 is divided by c.
6
Let n be 3/(-2)*608/24. Let w = n - -68. What is the remainder when 59 is divided by w?
29
Let q(z) = -z**3 + 6*z**2 - 2*z. Let y = 7 + -4. Suppose k - 55 = 3*j, j - 69 = -k - 3*j. Calculate the remainder when k is divided by q(y).
19
Let g(h) = 42*h**2 + 2*h - 1. Suppose 0 = -5*r + z + 13 + 67, 3*z - 60 = -5*r. What is the remainder when g(1) is divided by r?
13
Let n(j) be the third derivative of -j**5/60 + j**4/2 - 4*j**3/3 + j**2. Calculate the remainder when 7 is divided by n(11).
1
What is the remainder when 19 is divided by (((-168)/(-9))/7)/(4/6)?
3
Suppose 9 + 1 = 2*q. Suppose -5*z + 26 = -0*z - 3*b, -2*z + 29 = q*b. Let m = -14 - -34. What is the remainder when m is divided by z?
6
Suppose 0 = -4*s + 25 + 39. What is the remainder when 28 is divided by s?
12
Suppose 4*c - 4*j = -0*c + 20, -2*c + 4*j = -4. Calculate the remainder when 29 is divided by c.
5
Let v be ((-1)/(1/2))/1. Calculate the remainder when (4/(-6))/(v/102) is divided by 8/(-16) - (-2)/((-4)/(-25)).
10
Suppose -3*z = 6*r - r - 136, 189 = 4*z - r. Calculate the remainder when z is 